Is 9312340889 prime?
True
Is 36581799314 composite?
True
Is 6303257003 a prime number?
True
Is 69806441 a composite number?
False
Is 1688128789 composite?
False
Is 119013273518 prime?
False
Is 22100376211 a prime number?
True
Is 6204100187 a prime number?
True
Is 2209833557 composite?
False
Is 1707088577 prime?
True
Is 36049219391 composite?
True
Is 1318268143 a prime number?
True
Is 20606353037 a prime number?
True
Is 54391844263 composite?
True
Is 3337847141 prime?
False
Is 568496687 composite?
True
Is 235612701397 a prime number?
False
Is 1228679533 a composite number?
True
Is 98062008241 a composite number?
True
Is 5757881603 a prime number?
True
Is 3946805699 a prime number?
False
Is 696984487 a prime number?
False
Is 6335596999 composite?
False
Is 368919553 a composite number?
False
Is 1881058021 composite?
True
Is 8133508063 a prime number?
False
Is 2612912989 a prime number?
True
Is 20728779839 prime?
True
Is 25401333 composite?
True
Is 153381741 prime?
False
Is 14961841459 composite?
False
Is 8341382969 composite?
False
Is 1685995097 a prime number?
True
Is 480930271 a composite number?
True
Is 12379514003 a composite number?
False
Is 511250533 a prime number?
False
Is 4283549399 a prime number?
True
Is 966462187 prime?
True
Is 1898771747 a composite number?
False
Is 436465829 a composite number?
True
Is 135724163651 a composite number?
False
Is 184567043 a composite number?
True
Is 100247760073 a prime number?
False
Is 1714581901 prime?
False
Is 1242104161 prime?
False
Is 97330042721 a composite number?
True
Is 11012693281 a prime number?
False
Is 126974693869 a composite number?
True
Is 1753156213 a composite number?
True
Is 1240974649 composite?
False
Is 10272937669 prime?
False
Is 24684791 prime?
True
Is 59368643179 prime?
False
Is 120649021 a composite number?
True
Is 4763278469 prime?
False
Is 141126422771 a composite number?
False
Is 13470479573 prime?
False
Is 76299107 composite?
False
Is 4102455751 composite?
True
Is 177496324851 composite?
True
Is 28670789605 a prime number?
False
Is 17427623 composite?
False
Is 1960877129 prime?
True
Is 8656269203 prime?
True
Is 23915546363 prime?
True
Is 367417109 composite?
False
Is 42412755457 a composite number?
True
Is 31257573881 a composite number?
True
Is 1453868423 prime?
False
Is 7131606169 a prime number?
True
Is 6892556981 a composite number?
True
Is 2127496483 a prime number?
False
Is 1282407961 a composite number?
False
Is 8036544947 prime?
True
Is 1802595407 prime?
False
Is 16619635583 prime?
False
Is 3758816981 a prime number?
True
Is 206209670309 prime?
True
Is 30060755407 composite?
True
Is 9981203885 prime?
False
Is 18426226681 composite?
True
Is 75024097429 a prime number?
True
Is 407587963 prime?
True
Is 74535971 prime?
False
Is 44369164951 composite?
True
Is 31928926901 a composite number?
False
Is 30925420397 composite?
False
Is 2351959063 prime?
True
Is 183221671 composite?
False
Is 113767061 a prime number?
False
Is 585505637 composite?
False
Is 324587167 prime?
True
Is 324633041 a composite number?
True
Is 122568749 a composite number?
False
Is 20138126699 a prime number?
True
Is 10641302591 composite?
False
Is 1339567517 prime?
True
Is 224287331 a composite number?
True
Is 2276972767 composite?
False
Is 374184091 a prime number?
True
Is 452271709 a composite number?
False
Is 858368581 composite?
True
Is 446704729 a prime number?
True
Is 6821216539 a composite number?
True
Is 253481741 a prime number?
True
Is 78745267882 prime?
False
Is 327044831 a composite number?
False
Is 1143723391 prime?
False
Is 41375912639 a prime number?
True
Is 2563077278 composite?
True
Is 1178417179 a composite number?
False
Is 2758469279 a prime number?
False
Is 893306621 composite?
True
Is 200786689 a composite number?
True
Is 103695644881 a composite number?
False
Is 3689742337 prime?
False
Is 7809700523 a prime number?
True
Is 61074314351 composite?
True
Is 227638409 prime?
True
Is 11798828429 a prime number?
True
Is 61975785101 a composite number?
False
Is 26553771259 a prime number?
False
Is 896777303 a composite number?
False
Is 124406831 composite?
False
Is 4491678531 a composite number?
True
Is 1961510641 a composite number?
False
Is 9335969 a composite number?
True
Is 1136160457 a prime number?
True
Is 5438990231 composite?
False
Is 771014393 composite?
True
Is 242556383 a prime number?
True
Is 7929385621 a prime number?
False
Is 2068719713 a composite number?
True
Is 1634310043 a composite number?
False
Is 6966508453 a composite number?
False
Is 9078055967 a composite number?
False
Is 1095305881 prime?
False
Is 629428131703 a prime number?
False
Is 1224715993 a prime number?
False
Is 2113619647 composite?
True
Is 28092416927 prime?
True
Is 1694170211 composite?
False
Is 720208051 prime?
False
Is 1627758071 prime?
True
Is 6639472733 a composite number?
True
Is 15892490461 composite?
False
Is 7149983791 a composite number?
False
Is 62481174949 a prime number?
False
Is 694941571 composite?
True
Is 256437149 composite?
False
Is 8358250981 a prime number?
True
Is 422326031 prime?
False
Is 5525739001 a composite number?
True
Is 22670894543 composite?
True
Is 3179579413 a composite number?
False
Is 1142544257 a prime number?
True
Is 31775851573 prime?
True
Is 62122404713 composite?
False
Is 13600824821 a composite number?
False
Is 7882150871 a composite number?
True
Is 22592527411 prime?
True
Is 33962338523 a composite number?
True
Is 101858771621 prime?
True
Is 1846876453 a composite number?
False
Is 127699107607 a prime number?
True
Is 118359403 composite?
True
Is 4229135321 a prime number?
True
Is 7831537426 a composite number?
True
Is 22630773343 a prime number?
True
Is 289737881 prime?
True
Is 194576123029 a prime number?
False
Is 227960641 a composite number?
True
Is 1710606307 a prime number?
False
Is 892695403 composite?
False
Is 695068213 a prime number?
False
Is 13646357687 a prime number?
True
Is 125298327001 a prime number?
True
Is 197904665267 prime?
True
Is 589862587 a prime number?
True
Is 113207293 composite?
False
Is 321826367 a composite number?
False
Is 950669569 a prime number?
True
Is 2855411243 composite?
False
Is 885955157 prime?
True
Is 4127491859 composite?
False
Is 21416913851 prime?
True
Is 3154925419 a prime number?
False
Is 350961957617 composite?
True
Is 13329469831 a prime number?
True
Is 4444591561 composite?
False
Is 3042598177 a prime number?
True
Is 870534313 composite?
True
Is 402276982 prime?
False
Is 32780335279 a composite number?
False
Is 402814978117 prime?
True
Is 1561873429 composite?
True
Is 41175961 a prime number?
True
Is 77409209443 a prime number?
True
Is 731523197 prime?
False
Is 6300685459 prime?
False
Is 15767670053 a prime number?
False
Is 7209366793 prime?
False
Is 3091845619 a composite number?
False
Is 10323924553 composite?
False
Is 12586511471 prime?
True
Is 2500216049 prime?
True
Is 772630367 a prime number?
True
Is 16584086903 a composite number?
True
Is 28120897267 a composite number?
False
Is 25034060647 a prime number?
True
Is 4701934693 a prime number?
False
Is 372472993 composite?
False
Is 511436521 a composite number?
True
Is 26316015431 prime?
True
Is 17625066007 composite?
True
Is 101484701 prime?
True
Is 1157443151 composite?
False
Is 12613494533 a composite number?
True
Is 5002744181 prime?
True
Is 5533629259 a prime number?
True
Is 428686813 a prime number?
False
Is 177902313823 prime?
False
Is 3379818437 a composite number?
False
Is 142519027457 prime?
False
Is 23824367059 a prime number?
True
Is 231110843 a prime number?
False
Is 2798297497 composite?
True
Is 115653137755 a prime number?
False
Is 277623329 prime?
True
Is 31362647 composite?
False
Is 3891763313 prime?
False
Is 45798164369 a composite number?
True
Is 111632273 a composite number?
True
Is 8319447881 a prime number?
False
Is 6091139435 composite?
True
Is 39415348369 a composite number?
False
Is 161053579 a composite number?
False
Is 10215758989 a composite number?
False
Is 6152594999 prime?
True
Is 317263759 a prime number?
True
Is 785006401 composite?
False
Is 3912894863 composite?
True
Is 2814869063 composite?
True
Is 339535673 composite?
True
Is 17211217223 a prime number?
False
Is 305288021 prime?
True
Is 82631204065 prime?
False
Is 17729922